, z + 3*q - 18 = -3*z. Suppose -2*t + z*t = 0. Suppose 3*i + u = -u + 103, t = 2*i + 4*u - 82. What is the units digit of i?
1
What is the thousands digit of -1030*(2/6 - 154/84)?
1
Let k(y) = -y**3 - 9*y**2 + 6*y - 7. Let z be k(-10). Let f = z + -9. Suppose 5*a - 99 = -f. What is the units digit of a?
5
Suppose 0 = -30*a + 2778 + 7362. What is the units digit of a?
8
Suppose 2*c + 5*p - 143 = 0, -3*p = 2*c - 0*p - 137. Suppose 0*u + u - c = 0. What is the units digit of u?
4
Suppose 0 = 32*i - 38*i + 408. What is the units digit of i?
8
Let w be (-25)/(1*(2 - 3)). Let l = 2 + w. What is the tens digit of l?
2
Let k(w) = 45*w**2 + 11*w + 28. Let v(l) = -22*l**2 - 5*l - 13. Let x(r) = -6*k(r) - 13*v(r). What is the tens digit of x(1)?
1
Suppose -i + 7 = 2*w, -i + w - 26 = -6*i. What is the units digit of i/(25/2) + 866/10?
7
What is the hundreds digit of (-120)/(-20) - 121/(-1)?
1
Suppose -3*y + 6 = 2*a, 5*y + 4*a = 4 + 8. Suppose 0 = -y*m + m - 18. What is the units digit of m?
8
Let g = 7121 - 1787. What is the units digit of g?
4
Suppose -31*m = 29655 - 106783. What is the tens digit of m?
8
Let d(i) = 2*i + 40. Let y be d(0). Let x = y + -23. What is the units digit of x?
7
Let i(u) = 3*u**2 - 5*u + 2. Let d be i(2). Suppose 2*m = d*l - 516, 0*l + 4*m = 3*l - 392. What is the units digit of l?
8
Let q(d) = d**2 + 32*d - 3. Let c be q(14). Let a = 920 - c. What is the units digit of a?
9
Let c(g) = g**2 + 2*g - 1. Let b be c(-4). Let r(q) = -5 - q + 5 - b. What is the units digit of r(-8)?
1
Let l(p) = 24*p**2 - 68*p - 5. What is the units digit of l(7)?
5
Let u(v) = -4 + 2*v**2 + 20*v**2 + v**2. What is the units digit of u(-2)?
8
Let i be (-1)/((-8)/220) - 2/(-4). Let a = 17 + i. What is the tens digit of a?
4
Suppose -21 = 3*n - 6*n. Suppose -6 = 4*v - n*v. Suppose -w + 21 = -v*m - m, -w = 4*m - 56. What is the units digit of w?
6
Let f = 22 - 17. Let k(h) = -7*h**3 - 2*h**2 - h. Let t be k(-2). Suppose -t = -w + p, f*w - 266 = 3*p - 2*p. What is the tens digit of w?
5
Let q = -700 - -944. What is the units digit of q?
4
Suppose 2*v - 336 = -h, -2*v + 6*v - 342 = -h. What is the units digit of h?
0
Suppose h - 1171 = -399. What is the hundreds digit of h?
7
Let v(x) be the third derivative of -x**5/10 - 7*x**4/24 - 2*x**3/3 + 13*x**2. Let q(z) be the first derivative of v(z). What is the tens digit of q(-5)?
5
Let k(y) = -2*y**2 - 12*y + 19. Let j be k(-7). Suppose -j*p - 38 = -4*a - 233, -240 = -5*p - 5*a. What is the tens digit of p?
4
Let k = 213 + -125. Let b be -2 + k/2 - 0. Let w = b + -18. What is the tens digit of w?
2
Let i(n) = -n - 4. Let p be i(-8). Suppose p*s - 16 = 24. Suppose -2*q = -s, -7*m + 2*q + 125 = -2*m. What is the tens digit of m?
2
Let n = 5726 + -3208. What is the hundreds digit of n?
5
Let b = -70 - 12. Let o = 139 + b. What is the units digit of o?
7
Let z be (6*(-8)/(-18))/((-1)/(-3)). What is the tens digit of 4/z*0 - -120?
2
Let d = -94 + 888. What is the units digit of d?
4
What is the units digit of 501 - 11/(11/4)?
7
Suppose 35*b + 37 = 34*b. Let w = b + 53. What is the tens digit of w?
1
Let a(h) = -19*h**3 - 2*h**2 - h. Let l be a(-1). Suppose x = -x - l. Let d = x + 35. What is the units digit of d?
6
Let v(r) = 46*r - 259. What is the units digit of v(28)?
9
Let n = -54 + 60. Let s(t) = 8*t + 7. What is the units digit of s(n)?
5
What is the tens digit of 47860/(-30)*6/(-4) - 5?
8
Suppose -2200 = 13*f - 18*f. Suppose 3*t = f - 161. What is the tens digit of t?
9
Suppose -w + 24 = -y, 0 = -0*w - 3*w + 4*y + 76. Let o = w + -16. What is the units digit of o?
4
Suppose -4*y - 15 = -p - 7*y, -3*p = 5*y - 33. Suppose -3*c + 0 - p = 0. What is the units digit of c/5 - 1778/(-70)?
5
Let h = -45 + 33. Let c(b) be the second derivative of -b**5/20 - 13*b**4/12 - 2*b**3 + 7*b**2 + 4*b. What is the tens digit of c(h)?
1
Let l(g) = g**3 + 11*g**2 + 11*g + 10. Let n be l(-10). Let p be (-3)/(-3 - -2)*-5. What is the tens digit of (-84)/30*(p + n)?
4
Let f(m) = 2189*m + 1. What is the units digit of f(2)?
9
Let i = 10 + -6. Suppose 5*g = -i*t + 362, 4*t = 3*g - g - 128. What is the tens digit of g?
7
What is the hundreds digit of (1 + -10)/(207/(-42573))?
8
Let c = -4 + 8. Suppose -o = c*j - 19, 2*o = -o - 4*j + 57. What is the units digit of o?
9
What is the units digit of ((-24)/(-32) - (-92)/(-16)) + 667?
2
Let j(o) = -4 + 6 + 6*o + 4 + 29*o. What is the units digit of j(6)?
6
Let g = 467 - 297. What is the tens digit of g?
7
Let i(s) = -3*s - 2*s + 4 + 1. What is the tens digit of i(-6)?
3
Let a = 14 + -11. Suppose a*g - 15 = -0*g. Suppose g*s + 3*z - 45 = 0, 5*z - 1 = 4*s - 0*z. What is the units digit of s?
6
Let p = -33 + 134. Let z = 148 - p. What is the tens digit of z?
4
Let o = 37 - 55. Let c(h) = -h**2 - 19*h + 20. What is the tens digit of c(o)?
3
Suppose 3187 = -17*o + 21615. What is the thousands digit of o?
1
Suppose -5*y + 3 = -2*u + 24, 3*y = -u - 6. What is the units digit of u?
3
What is the units digit of (-4)/(-7) - (-15)/35?
1
Let u(c) = -38*c - 1. Let q be 6/2 + (10 - 7). Suppose -3*p - 9 = -q. What is the tens digit of u(p)?
3
Let s(a) = 21*a**2 - 2*a - 7. Let f be s(-3). Let p = -110 + f. What is the tens digit of p?
7
Let o = -1475 + 2279. What is the hundreds digit of o?
8
Let k = -315 + 126. Let v = 315 + k. What is the tens digit of v?
2
Suppose 3*a + 1288 = 3061. What is the tens digit of a?
9
Suppose 13*f - 17*f = 12. What is the units digit of 6/9*(0 + f)*-11?
2
Let u(j) = -1 - 7*j + 11*j**3 + 12*j - 3*j - 3*j. Let h be u(2). Let z = h - 60. What is the units digit of z?
5
Let a(s) = 5*s**3 + 4*s**2 - 6*s + 11. Let b = -7 + -10. Let o(m) = 14*m**3 + 12*m**2 - 17*m + 32. Let c(f) = b*a(f) + 6*o(f). What is the units digit of c(4)?
5
Suppose -5*p - 73 = -4*m, -m + 4*p + 44 = m. What is the tens digit of (-9)/(-6) - (-306)/m?
2
Let x be 6*(-1)/(-6)*-3. Let w be ((-20)/15)/((-1)/x). Let z(t) = -6*t + 5. What is the tens digit of z(w)?
2
Let j = 220 - -563. What is the tens digit of j?
8
Suppose -2 = -p + 2*p - 4*i, -4 = -4*i. Suppose -3*j + 7*w - p*w = -23, -4*j = -w - 8. What is the units digit of (8/1 - -1) + j?
0
Let m be -246*2*(-4)/24. Let t = m - 18. What is the tens digit of t?
6
Suppose -6*p - 69 = -3*p. Let m = p + 22. What is the tens digit of (-11)/(((-3)/m)/(-3))?
1
Let c(t) = -61*t**2 - t - 1. Let y(o) = -o**2 - o - 1. Let n(f) = -c(f) + 2*y(f). What is the tens digit of n(-1)?
5
Suppose -5*i + 6271 = -3684. What is the units digit of i?
1
Suppose 0*r = -2*r + 56. Let y = r - 12. Suppose -2*b + 24 = 3*a, -3*b = 2*a - 5*b - y. What is the units digit of a?
8
Let x = -346 - -506. Suppose -3*c - 7*c = -x. What is the tens digit of c?
1
Suppose -4*m = -8*m. Suppose m*z - 6*z + 372 = 0. What is the tens digit of z?
6
Let v = -803 + 4960. What is the hundreds digit of v?
1
Suppose 2*v + 2*k = -0*v + 450, 2*v = -k + 448. Suppose 0 = -5*j - 15, -4*h + 8*h + 3*j - v = 0. What is the tens digit of h?
5
Let v(k) = 2 - 2 + k + 6*k. Let g be v(1). What is the tens digit of (g/((-14)/92))/(-2)?
2
Suppose -34*k + 29*k = -6895. What is the units digit of k?
9
Suppose -4*o + 5*o + 6 = 2*y, 0 = 3*y + o - 9. Let t be y + (-4)/4 + 22. Let x = t + -23. What is the units digit of x?
1
Suppose 4*u = 5*t + 13, -4*u + 18 + 7 = -t. Suppose -3*g - 11 = -u*g - 3*i, 0 = -4*i - 12. Suppose -g*q = -38 - 52. What is the tens digit of q?
1
Suppose 12565 = 5*c + 5*g, -3*c + 2*g = g - 7559. What is the units digit of c?
8
Let c(y) = -y**3 - 9*y**2 + 9*y - 7. Let t = 13 + -23. Let q be c(t). Suppose q*d - 2 = 4. What is the units digit of d?
2
What is the units digit of 1 - -306 - (0/(-8) - -1)?
6
Let n(m) = 2*m - 20. Let j be n(11). Suppose b = -2*z - 4*b + 222, -j*b - 420 = -4*z. What is the tens digit of z?
0
Let l = -709 + 1071. What is the tens digit of l?
6
What is the tens digit of ((-80)/(-6) - 13)/((-2)/(-7206))?
0
Suppose -288 = -13*i + 7*i. Suppose o + 7*o = i. What is the units digit of o?
6
Suppose 5*i + 2*d = 444, -2*d + 114 + 60 = 2*i. What is the units digit of i?
0
Let t = 7 - -12. Suppose 23*a - 652 = t*a. What is the tens digit of a?
6
What is the units digit of 7582/7 + (11 - 780/70)?
3
Let t be -3 + 2 + 8 + 1. Suppose -l + 22 = -t. Suppose -l = -4*m + 3*m. What is the units digit o